
{"id":27032,"date":"2024-02-28T23:39:14","date_gmt":"2024-02-29T00:39:14","guid":{"rendered":"https:\/\/express24.ir\/d\/product\/%d8%b1%d8%a7%d9%87%d9%86%d9%85%d8%a7%db%8c-%d8%b3%d8%a7%d8%ae%d8%aa-%d9%88-%d8%b3%d8%a7%d8%b2-straw-bale-%d8%b7%d8%b1%d8%a7%d8%ad%db%8c-%d9%88-%d9%81%d9%86%d8%a7%d9%88%d8%b1%db%8c-%db%8c%da%a9-%d9%85\/"},"modified":"2024-02-28T23:39:15","modified_gmt":"2024-02-29T00:39:15","slug":"%d8%b1%d8%a7%d9%87%d9%86%d9%85%d8%a7%db%8c-%d8%b3%d8%a7%d8%ae%d8%aa-%d9%88-%d8%b3%d8%a7%d8%b2-straw-bale-%d8%b7%d8%b1%d8%a7%d8%ad%db%8c-%d9%88-%d9%81%d9%86%d8%a7%d9%88%d8%b1%db%8c-%db%8c%da%a9-%d9%85","status":"publish","type":"product","link":"https:\/\/express24.ir\/d\/product\/%d8%b1%d8%a7%d9%87%d9%86%d9%85%d8%a7%db%8c-%d8%b3%d8%a7%d8%ae%d8%aa-%d9%88-%d8%b3%d8%a7%d8%b2-straw-bale-%d8%b7%d8%b1%d8%a7%d8%ad%db%8c-%d9%88-%d9%81%d9%86%d8%a7%d9%88%d8%b1%db%8c-%db%8c%da%a9-%d9%85\/","title":{"rendered":"\u0631\u0627\u0647\u0646\u0645\u0627\u06cc \u0633\u0627\u062e\u062a \u0648 \u0633\u0627\u0632 Straw Bale: \u0637\u0631\u0627\u062d\u06cc \u0648 \u0641\u0646\u0627\u0648\u0631\u06cc \u06cc\u06a9 \u0645\u0639\u0645\u0627\u0631\u06cc \u067e\u0627\u06cc\u062f\u0627\u0631"},"content":{"rendered":"<div style=\"text-align:center;\">\n    <img decoding=\"async\" src=\"https:\/\/express24.ir\/d\/wp-content\/uploads\/2024\/02\/9783035618549.jpg\" alt=\"\u062f\u0627\u0646\u0644\u0648\u062f \u06a9\u062a\u0627\u0628 Straw Bale Construction Manual: Design and Technology of a Sustainable Architecture\" title=\"\u062f\u0627\u0646\u0644\u0648\u062f \u06a9\u062a\u0627\u0628  Straw Bale Construction Manual: Design and Technology of a Sustainable Architecture\"><\/p><\/div>\n<table class=\"table table-striped table-hover\">\n<tr>\n<td>\n<h3>\u0639\u0646\u0648\u0627\u0646 \u06a9\u062a\u0627\u0628 \u0628\u0647 \u0627\u0646\u06af\u0644\u06cc\u0633\u06cc:<\/h3>\n<\/td>\n<td>\n<h3>\n    Straw Bale Construction Manual: Design and Technology of a Sustainable Architecture    <\/h3>\n<\/td>\n<\/tr>\n<\/table>\n<table class=\"table table-striped table-hover\">\n<tr>\n<td>\u0633\u0627\u0644 \u0627\u0646\u062a\u0634\u0627\u0631: 2020\u00a0\u00a0|\u00a0\u00a0160 \u0635\u0641\u062d\u0647\u00a0\u00a0|\u00a0\u00a0\u062d\u062c\u0645 \u0641\u0627\u06cc\u0644: 39 \u0645\u06af\u0627\u0628\u0627\u06cc\u062a\u00a0\u00a0|\u00a0\u00a0\u0632\u0628\u0627\u0646: \u0627\u0646\u06af\u0644\u06cc\u0633\u06cc<\/td>\n<\/tr>\n<\/table>\n<table class=\"table table-striped table-hover\">\n<tr>\n<td>\u0646\u0648\u06cc\u0633\u0646\u062f\u0647<\/td>\n<td>Gernot Minke, Benjamin Krick<\/td>\n<\/tr>\n<tr>\n<td>\u0646\u0627\u0634\u0631<\/td>\n<td>Birkhauser<\/td>\n<\/tr>\n<tr>\n<td>ISBN10:<\/td>\n<td>3035618542<\/td>\n<\/tr>\n<tr>\n<td>ISBN13:<\/td>\n<td>9783035618549<\/td>\n<\/tr>\n<tr><\/tr>\n<\/table>\n<h2>\u062a\u0648\u0636\u06cc\u062d\u0627\u062a \u06a9\u062a\u0627\u0628<\/h2>\n<div style=\"direction:ltr;\">Bereits vor gut 100 Jahren wurde in Nebraska die Technik des Bauens mit Strohballen entwickelt. Durch das Stapeln und Verbinden der Ballen lie\u00dfen sich preisg\u00fcnstig Wohnh\u00e4user errichten. Seit einiger Zeit erlebt dieser Baustoff in vielen Teilen der Erde eine Renaissance: Die H\u00e4user sind wirtschaftlich, da sie zum Teil in Eigenleistung errichtet werden k\u00f6nnen, und \u00f6kologisch sinnvoll, da der Rohstoff nachw\u00e4chst und sehr gute D\u00e4mmeigenschaften aufweist.<\/p>\n<p>Das Buch zeigt praxisnah die Konstruktion von Strohbauten. Es er\u00f6rtert die wichtigen Themen Brandsicherheit, N\u00e4sseschutz und Verhinderung von Sch\u00e4dlingsbefall , und dokumentiert die Montage Schritt f\u00fcr Schritt mit Baustellenfotos. 30 ausgew\u00e4hlte Projekte zeigen das vielf\u00e4ltige Gestaltungspotential dieses Materials.<\/p><\/div>\n<h2>\u062a\u0648\u0636\u06cc\u062d\u0627\u062a \u06a9\u062a\u0627\u0628 \u0628\u0647 \u0641\u0627\u0631\u0633\u06cc (\u062a\u0631\u062c\u0645\u0647 \u0645\u0627\u0634\u06cc\u0646\u06cc)<\/h2>\n<p>Bereits vor Gut 100 Jahren Wurde \u062f\u0631 \u0646\u0628\u0631\u0627\u0633\u06a9\u0627 Die Technik des Bauens Mit Strohballen Entwickelt.durch das stapeln und verbinden der ballen lie\u00dfen sich preisg\u00fcnstig wohnh\u00e4user errichten.Seit einiger Zeit erlebt dieser Baustoff in vielen Teilen der Erde eine Renaissance: Die H\u00e4user sind wirtschaftlich, da sie zum Teil in Eigenleistung errichtet werden k\u00f6nnen, und \u00f6kologisch sinnvoll, da der Rohstoff nachw\u00e4chst und sehr gute D\u00e4mmeigenschaften aufweist.<\/p>\n<p>Das Buch Zeigt Praxisnah Die Konstruktion von strohbauten.Es er\u00f6rtert Die Wichtigen themen Brandsicherheit \u060c n\u00e4sseschutz und Verhinderung von Sch\u00e4dlingsbefall \u060c und dokumentiert \u0645\u0648\u0646\u062a\u0627\u0698 Schritt F\u00fcr Schritt Mit Baustellenfotos.30 ausgew\u00e4hlte projekte zeigen das vielf\u00e4ltige gestaltungspotential \u0645\u0648\u0627\u062f \u0645\u06cc \u0645\u06cc\u0631\u062f.<br \/>\n<br \/>\r\n<table class=\"table table-bordered\">\r\n\t\r\n\t\t<tr>\r\n\t\t<td>\r\n\t\t\t\r\n\u062a\u0648\u062c\u0647 \u06a9\u0646\u06cc\u062f \u06a9\u0647 \u0627\u06cc\u0646 \u0645\u062d\u0635\u0648\u0644 \u0628\u0647 \u0635\u0648\u0631\u062a \u0641\u0627\u06cc\u0644 \u062f\u0627\u0646\u0644\u0648\u062f\u06cc \u0627\u0633\u062a \u0648 \u0646\u0647 \u06a9\u062a\u0627\u0628 \u06a9\u0627\u063a\u0630\u06cc.\r\n\r\n\t\t<\/td>\r\n\t<\/tr>\r\n\r\n\t\t<tr>\r\n\t\t<td>\r\n\t\t\t\r\n\u0628\u0647 \u0647\u0646\u06af\u0627\u0645 \u062e\u0631\u06cc\u062f \u0628\u0647 \u0632\u0628\u0627\u0646 \u062f\u0631\u062c \u0634\u062f\u0647 \u0628\u0631\u0627\u06cc \u06a9\u062a\u0627\u0628 \u062d\u062a\u0645\u0627 \u062a\u0648\u062c\u0647 \u06a9\u0646\u06cc\u062f. \u0628\u0647 \u0635\u0648\u0631\u062a \u0645\u0639\u0645\u0648\u0644 \u062f\u0631 \u0627\u06a9\u062b\u0631 \u0645\u0648\u0627\u0631\u062f \u0632\u0628\u0627\u0646 \u06a9\u062a\u0627\u0628 \u0641\u0627\u0631\u0633\u06cc \u0646\u06cc\u0633\u062a.\r\n\r\n\t\t<\/td>\r\n\t<\/tr>\t\r\n\r\n\t\t\t<tr>\r\n\t\t<td>\r\n\t\t\t\r\n\u062f\u0631 \u0635\u0648\u0631\u062a \u0647\u0631\u06af\u0648\u0646\u0647 \u0645\u0634\u06a9\u0644 \u062f\u0631 \u062f\u0631\u06cc\u0627\u0641\u062a \u06a9\u062a\u0627\u0628 \u0628\u0647 \u0634\u0645\u0627\u0631\u0647 09395106248 \u067e\u06cc\u0627\u0645\u06a9 \u062f\u0647\u06cc\u062f. \r\n\t\t<\/td>\r\n\t<\/tr>\t\r\n\t\r\n\t\t\t<tr>\r\n\t\t<td>\r\n\t\t\t\r\n\u062f\u0631\u062c \u0634\u0645\u0627\u0631\u0647 \u0645\u0648\u0628\u0627\u06cc\u0644 \u0628\u0631\u0627\u06cc \u0633\u0641\u0627\u0631\u0634 \u0636\u0631\u0648\u0631\u06cc \u0646\u06cc\u0633\u062a \u0648\u0644\u06cc \u062a\u0631\u062c\u06cc\u062d \u0622\u0646 \u0627\u0633\u062a \u062f\u0631\u062c \u06af\u0631\u062f\u062f \u062a\u0627 \u062f\u0631 \u0635\u0648\u0631\u062a \u0628\u0631\u0648\u0632 \u0645\u0634\u06a9\u0644 \u0627\u0648\u0644\u06cc\u0646 \u0631\u0627\u0647 \u0627\u0631\u062a\u0628\u0627\u0637\u06cc \u0645\u0627 \u0628\u0627 \u0634\u0645\u0627 \u0628\u0627\u0634\u062f.\r\n\t\t<\/td>\r\n\t<\/tr>\r\n\t\r\n\t<tr>\r\n\t\t<td>\r\n\t\t\t\r\n\t\t\t\u0686\u0646\u0627\u0646\u0686\u0647 \u062f\u0631 \u062f\u0631\u06cc\u0627\u0641\u062a \u0645\u062d\u0635\u0648\u0644 \u0628\u0647 \u0647\u0631 \u062f\u0644\u06cc\u0644\u06cc \u0628\u0627 \u0645\u0634\u06a9\u0644 \u0631\u0648\u0628\u0631\u0648 \u0634\u062f\u06cc\u062f \u0648 \u0645\u0637\u0645\u0626\u0646 \u0627\u0632 \u067e\u0631\u062f\u0627\u062e\u062a \u0645\u0648\u0641\u0642 \u0648\u062c\u0647 \u0647\u0633\u062a\u06cc\u062f \u0628\u0647 \u0634\u0645\u0627\u0631\u0647 \u062a\u0645\u0627\u0633 \u0632\u06cc\u0631 \u0646\u0627\u0645\u060c \u0646\u0627\u0645 \u062e\u0627\u0646\u0648\u0627\u062f\u06af\u06cc \u0648 \u0646\u0627\u0645 \u0645\u062d\u0635\u0648\u0644 \u0631\u0627 \u067e\u06cc\u0627\u0645\u06a9 \u0628\u0632\u0646\u06cc\u062f \u062a\u0627 \u0644\u06cc\u0646\u06a9 \u0645\u062d\u0635\u0648\u0644 \u0633\u0631\u06cc\u0639\u0627 \u0628\u0631\u0627\u06cc \u0634\u0645\u0627 \u0627\u0631\u0633\u0627\u0644 \u06af\u0631\u062f\u062f.\r\n\t\t\t<br \/><br \/>\r\n\t\t\t\u0634\u0645\u0627\u0631\u0647 \u062a\u0645\u0627\u0633: 09395106248 \r\n\r\n\t\t<\/td>\r\n\t<\/tr>\r\n\t\r\n<\/table>\r\n<br \/>\r\n\r\n<\/p>\n","protected":false},"excerpt":{"rendered":"<p>\u0639\u0646\u0648\u0627\u0646 \u06a9\u062a\u0627\u0628 \u0628\u0647 \u0627\u0646\u06af\u0644\u06cc\u0633\u06cc: Straw Bale Construction Manual: Design and Technology of a Sustainable Architecture \u0633\u0627\u0644 \u0627\u0646\u062a\u0634\u0627\u0631: 2020\u00a0\u00a0|\u00a0\u00a0160 \u0635\u0641\u062d\u0647\u00a0\u00a0|\u00a0\u00a0\u062d\u062c\u0645 \u0641\u0627\u06cc\u0644: [&hellip;]<\/p>\n","protected":false},"featured_media":27033,"comment_status":"open","ping_status":"closed","template":"","meta":{"pmpro_default_level":"","site-sidebar-layout":"default","site-content-layout":"","ast-site-content-layout":"default","site-content-style":"default","site-sidebar-style":"default","ast-global-header-display":"","ast-banner-title-visibility":"","ast-main-header-display":"","ast-hfb-above-header-display":"","ast-hfb-below-header-display":"","ast-hfb-mobile-header-display":"","site-post-title":"","ast-breadcrumbs-content":"","ast-featured-img":"","footer-sml-layout":"","theme-transparent-header-meta":"default","adv-header-id-meta":"","stick-header-meta":"","header-above-stick-meta":"","header-main-stick-meta":"","header-below-stick-meta":"","astra-migrate-meta-layouts":"set","ast-page-background-enabled":"default","ast-page-background-meta":{"desktop":{"background-color":"var(--ast-global-color-4)","background-image":"","background-repeat":"repeat","background-position":"center center","background-size":"auto","background-attachment":"scroll","background-type":"","background-media":"","overlay-type":"","overlay-color":"","overlay-gradient":""},"tablet":{"background-color":"","background-image":"","background-repeat":"repeat","background-position":"center center","background-size":"auto","background-attachment":"scroll","background-type":"","background-media":"","overlay-type":"","overlay-color":"","overlay-gradient":""},"mobile":{"background-color":"","background-image":"","background-repeat":"repeat","background-position":"center center","background-size":"auto","background-attachment":"scroll","background-type":"","background-media":"","overlay-type":"","overlay-color":"","overlay-gradient":""}},"ast-content-background-meta":{"desktop":{"background-color":"var(--ast-global-color-5)","background-image":"","background-repeat":"repeat","background-position":"center center","background-size":"auto","background-attachment":"scroll","background-type":"","background-media":"","overlay-type":"","overlay-color":"","overlay-gradient":""},"tablet":{"background-color":"var(--ast-global-color-5)","background-image":"","background-repeat":"repeat","background-position":"center center","background-size":"auto","background-attachment":"scroll","background-type":"","background-media":"","overlay-type":"","overlay-color":"","overlay-gradient":""},"mobile":{"background-color":"var(--ast-global-color-5)","background-image":"","background-repeat":"repeat","background-position":"center center","background-size":"auto","background-attachment":"scroll","background-type":"","background-media":"","overlay-type":"","overlay-color":"","overlay-gradient":""}}},"product_cat":[289,421],"product_tag":[],"class_list":{"0":"post-27032","1":"product","2":"type-product","3":"status-publish","4":"has-post-thumbnail","6":"product_cat-289","7":"product_cat-421","8":"pmpro-has-access","9":"desktop-align-left","10":"tablet-align-left","11":"mobile-align-left","13":"first","14":"instock","15":"shipping-taxable","16":"purchasable","17":"product-type-variable"},"yoast_head":"<!-- This site is optimized with the Yoast SEO plugin v22.0 - https:\/\/yoast.com\/wordpress\/plugins\/seo\/ -->\n<title>\u0631\u0627\u0647\u0646\u0645\u0627\u06cc \u0633\u0627\u062e\u062a \u0648 \u0633\u0627\u0632 Straw Bale: \u0637\u0631\u0627\u062d\u06cc \u0648 \u0641\u0646\u0627\u0648\u0631\u06cc \u06cc\u06a9 \u0645\u0639\u0645\u0627\u0631\u06cc \u067e\u0627\u06cc\u062f\u0627\u0631 - \u0641\u0631\u0648\u0634\u06af\u0627\u0647 \u0627\u06a9\u0633\u067e\u0631\u0633<\/title>\n<meta name=\"robots\" content=\"index, follow, max-snippet:-1, max-image-preview:large, max-video-preview:-1\" \/>\n<link rel=\"canonical\" href=\"https:\/\/express24.ir\/d\/product\/\u0631\u0627\u0647\u0646\u0645\u0627\u06cc-\u0633\u0627\u062e\u062a-\u0648-\u0633\u0627\u0632-straw-bale-\u0637\u0631\u0627\u062d\u06cc-\u0648-\u0641\u0646\u0627\u0648\u0631\u06cc-\u06cc\u06a9-\u0645\/\" \/>\n<meta property=\"og:locale\" content=\"fa_IR\" \/>\n<meta property=\"og:type\" content=\"article\" \/>\n<meta property=\"og:title\" content=\"\u0631\u0627\u0647\u0646\u0645\u0627\u06cc \u0633\u0627\u062e\u062a \u0648 \u0633\u0627\u0632 Straw Bale: \u0637\u0631\u0627\u062d\u06cc \u0648 \u0641\u0646\u0627\u0648\u0631\u06cc \u06cc\u06a9 \u0645\u0639\u0645\u0627\u0631\u06cc \u067e\u0627\u06cc\u062f\u0627\u0631 - \u0641\u0631\u0648\u0634\u06af\u0627\u0647 \u0627\u06a9\u0633\u067e\u0631\u0633\" \/>\n<meta property=\"og:description\" content=\"\u0639\u0646\u0648\u0627\u0646 \u06a9\u062a\u0627\u0628 \u0628\u0647 \u0627\u0646\u06af\u0644\u06cc\u0633\u06cc: Straw Bale Construction Manual: Design and Technology of a Sustainable Architecture \u0633\u0627\u0644 \u0627\u0646\u062a\u0634\u0627\u0631: 2020\u00a0\u00a0|\u00a0\u00a0160 \u0635\u0641\u062d\u0647\u00a0\u00a0|\u00a0\u00a0\u062d\u062c\u0645 \u0641\u0627\u06cc\u0644: [&hellip;]\" \/>\n<meta property=\"og:url\" content=\"https:\/\/express24.ir\/d\/product\/\u0631\u0627\u0647\u0646\u0645\u0627\u06cc-\u0633\u0627\u062e\u062a-\u0648-\u0633\u0627\u0632-straw-bale-\u0637\u0631\u0627\u062d\u06cc-\u0648-\u0641\u0646\u0627\u0648\u0631\u06cc-\u06cc\u06a9-\u0645\/\" \/>\n<meta property=\"og:site_name\" content=\"\u0641\u0631\u0648\u0634\u06af\u0627\u0647 \u0627\u06a9\u0633\u067e\u0631\u0633\" \/>\n<meta property=\"article:modified_time\" content=\"2024-02-29T00:39:15+00:00\" \/>\n<meta property=\"og:image\" content=\"https:\/\/express24.ir\/d\/wp-content\/uploads\/2024\/02\/9783035618549.jpg\" \/>\n\t<meta property=\"og:image:width\" content=\"250\" \/>\n\t<meta property=\"og:image:height\" content=\"318\" \/>\n\t<meta property=\"og:image:type\" content=\"image\/jpeg\" \/>\n<meta name=\"twitter:card\" content=\"summary_large_image\" \/>\n<meta name=\"twitter:label1\" content=\"\u0632\u0645\u0627\u0646 \u062a\u0642\u0631\u06cc\u0628\u06cc \u0628\u0631\u0627\u06cc \u062e\u0648\u0627\u0646\u062f\u0646\" \/>\n\t<meta name=\"twitter:data1\" content=\"2 \u062f\u0642\u06cc\u0642\u0647\" \/>\n<script type=\"application\/ld+json\" class=\"yoast-schema-graph\">{\"@context\":\"https:\/\/schema.org\",\"@graph\":[{\"@type\":\"WebPage\",\"@id\":\"https:\/\/express24.ir\/d\/product\/%d8%b1%d8%a7%d9%87%d9%86%d9%85%d8%a7%db%8c-%d8%b3%d8%a7%d8%ae%d8%aa-%d9%88-%d8%b3%d8%a7%d8%b2-straw-bale-%d8%b7%d8%b1%d8%a7%d8%ad%db%8c-%d9%88-%d9%81%d9%86%d8%a7%d9%88%d8%b1%db%8c-%db%8c%da%a9-%d9%85\/\",\"url\":\"https:\/\/express24.ir\/d\/product\/%d8%b1%d8%a7%d9%87%d9%86%d9%85%d8%a7%db%8c-%d8%b3%d8%a7%d8%ae%d8%aa-%d9%88-%d8%b3%d8%a7%d8%b2-straw-bale-%d8%b7%d8%b1%d8%a7%d8%ad%db%8c-%d9%88-%d9%81%d9%86%d8%a7%d9%88%d8%b1%db%8c-%db%8c%da%a9-%d9%85\/\",\"name\":\"\u0631\u0627\u0647\u0646\u0645\u0627\u06cc \u0633\u0627\u062e\u062a \u0648 \u0633\u0627\u0632 Straw Bale: \u0637\u0631\u0627\u062d\u06cc \u0648 \u0641\u0646\u0627\u0648\u0631\u06cc \u06cc\u06a9 \u0645\u0639\u0645\u0627\u0631\u06cc \u067e\u0627\u06cc\u062f\u0627\u0631 - \u0641\u0631\u0648\u0634\u06af\u0627\u0647 \u0627\u06a9\u0633\u067e\u0631\u0633\",\"isPartOf\":{\"@id\":\"https:\/\/express24.ir\/d\/#website\"},\"datePublished\":\"2024-02-29T00:39:14+00:00\",\"dateModified\":\"2024-02-29T00:39:15+00:00\",\"breadcrumb\":{\"@id\":\"https:\/\/express24.ir\/d\/product\/%d8%b1%d8%a7%d9%87%d9%86%d9%85%d8%a7%db%8c-%d8%b3%d8%a7%d8%ae%d8%aa-%d9%88-%d8%b3%d8%a7%d8%b2-straw-bale-%d8%b7%d8%b1%d8%a7%d8%ad%db%8c-%d9%88-%d9%81%d9%86%d8%a7%d9%88%d8%b1%db%8c-%db%8c%da%a9-%d9%85\/#breadcrumb\"},\"inLanguage\":\"fa-IR\",\"potentialAction\":[{\"@type\":\"ReadAction\",\"target\":[\"https:\/\/express24.ir\/d\/product\/%d8%b1%d8%a7%d9%87%d9%86%d9%85%d8%a7%db%8c-%d8%b3%d8%a7%d8%ae%d8%aa-%d9%88-%d8%b3%d8%a7%d8%b2-straw-bale-%d8%b7%d8%b1%d8%a7%d8%ad%db%8c-%d9%88-%d9%81%d9%86%d8%a7%d9%88%d8%b1%db%8c-%db%8c%da%a9-%d9%85\/\"]}]},{\"@type\":\"BreadcrumbList\",\"@id\":\"https:\/\/express24.ir\/d\/product\/%d8%b1%d8%a7%d9%87%d9%86%d9%85%d8%a7%db%8c-%d8%b3%d8%a7%d8%ae%d8%aa-%d9%88-%d8%b3%d8%a7%d8%b2-straw-bale-%d8%b7%d8%b1%d8%a7%d8%ad%db%8c-%d9%88-%d9%81%d9%86%d8%a7%d9%88%d8%b1%db%8c-%db%8c%da%a9-%d9%85\/#breadcrumb\",\"itemListElement\":[{\"@type\":\"ListItem\",\"position\":1,\"name\":\"\u062e\u0627\u0646\u0647\",\"item\":\"https:\/\/express24.ir\/d\/\"},{\"@type\":\"ListItem\",\"position\":2,\"name\":\"\u0641\u0631\u0648\u0634\u06af\u0627\u0647\",\"item\":\"https:\/\/express24.ir\/d\/\"},{\"@type\":\"ListItem\",\"position\":3,\"name\":\"\u0631\u0627\u0647\u0646\u0645\u0627\u06cc \u0633\u0627\u062e\u062a \u0648 \u0633\u0627\u0632 Straw Bale: \u0637\u0631\u0627\u062d\u06cc \u0648 \u0641\u0646\u0627\u0648\u0631\u06cc \u06cc\u06a9 \u0645\u0639\u0645\u0627\u0631\u06cc \u067e\u0627\u06cc\u062f\u0627\u0631\"}]},{\"@type\":\"WebSite\",\"@id\":\"https:\/\/express24.ir\/d\/#website\",\"url\":\"https:\/\/express24.ir\/d\/\",\"name\":\"\u0641\u0631\u0648\u0634\u06af\u0627\u0647 \u0627\u06a9\u0633\u067e\u0631\u0633\",\"description\":\"\",\"potentialAction\":[{\"@type\":\"SearchAction\",\"target\":{\"@type\":\"EntryPoint\",\"urlTemplate\":\"https:\/\/express24.ir\/d\/?s={search_term_string}\"},\"query-input\":\"required name=search_term_string\"}],\"inLanguage\":\"fa-IR\"}]}<\/script>\n<!-- \/ Yoast SEO plugin. -->","yoast_head_json":{"title":"\u0631\u0627\u0647\u0646\u0645\u0627\u06cc \u0633\u0627\u062e\u062a \u0648 \u0633\u0627\u0632 Straw Bale: \u0637\u0631\u0627\u062d\u06cc \u0648 \u0641\u0646\u0627\u0648\u0631\u06cc \u06cc\u06a9 \u0645\u0639\u0645\u0627\u0631\u06cc \u067e\u0627\u06cc\u062f\u0627\u0631 - \u0641\u0631\u0648\u0634\u06af\u0627\u0647 \u0627\u06a9\u0633\u067e\u0631\u0633","robots":{"index":"index","follow":"follow","max-snippet":"max-snippet:-1","max-image-preview":"max-image-preview:large","max-video-preview":"max-video-preview:-1"},"canonical":"https:\/\/express24.ir\/d\/product\/\u0631\u0627\u0647\u0646\u0645\u0627\u06cc-\u0633\u0627\u062e\u062a-\u0648-\u0633\u0627\u0632-straw-bale-\u0637\u0631\u0627\u062d\u06cc-\u0648-\u0641\u0646\u0627\u0648\u0631\u06cc-\u06cc\u06a9-\u0645\/","og_locale":"fa_IR","og_type":"article","og_title":"\u0631\u0627\u0647\u0646\u0645\u0627\u06cc \u0633\u0627\u062e\u062a \u0648 \u0633\u0627\u0632 Straw Bale: \u0637\u0631\u0627\u062d\u06cc \u0648 \u0641\u0646\u0627\u0648\u0631\u06cc \u06cc\u06a9 \u0645\u0639\u0645\u0627\u0631\u06cc \u067e\u0627\u06cc\u062f\u0627\u0631 - \u0641\u0631\u0648\u0634\u06af\u0627\u0647 \u0627\u06a9\u0633\u067e\u0631\u0633","og_description":"\u0639\u0646\u0648\u0627\u0646 \u06a9\u062a\u0627\u0628 \u0628\u0647 \u0627\u0646\u06af\u0644\u06cc\u0633\u06cc: Straw Bale Construction Manual: Design and Technology of a Sustainable Architecture \u0633\u0627\u0644 \u0627\u0646\u062a\u0634\u0627\u0631: 2020\u00a0\u00a0|\u00a0\u00a0160 \u0635\u0641\u062d\u0647\u00a0\u00a0|\u00a0\u00a0\u062d\u062c\u0645 \u0641\u0627\u06cc\u0644: [&hellip;]","og_url":"https:\/\/express24.ir\/d\/product\/\u0631\u0627\u0647\u0646\u0645\u0627\u06cc-\u0633\u0627\u062e\u062a-\u0648-\u0633\u0627\u0632-straw-bale-\u0637\u0631\u0627\u062d\u06cc-\u0648-\u0641\u0646\u0627\u0648\u0631\u06cc-\u06cc\u06a9-\u0645\/","og_site_name":"\u0641\u0631\u0648\u0634\u06af\u0627\u0647 \u0627\u06a9\u0633\u067e\u0631\u0633","article_modified_time":"2024-02-29T00:39:15+00:00","og_image":[{"width":250,"height":318,"url":"https:\/\/express24.ir\/d\/wp-content\/uploads\/2024\/02\/9783035618549.jpg","type":"image\/jpeg"}],"twitter_card":"summary_large_image","twitter_misc":{"\u0632\u0645\u0627\u0646 \u062a\u0642\u0631\u06cc\u0628\u06cc \u0628\u0631\u0627\u06cc \u062e\u0648\u0627\u0646\u062f\u0646":"2 \u062f\u0642\u06cc\u0642\u0647"},"schema":{"@context":"https:\/\/schema.org","@graph":[{"@type":"WebPage","@id":"https:\/\/express24.ir\/d\/product\/%d8%b1%d8%a7%d9%87%d9%86%d9%85%d8%a7%db%8c-%d8%b3%d8%a7%d8%ae%d8%aa-%d9%88-%d8%b3%d8%a7%d8%b2-straw-bale-%d8%b7%d8%b1%d8%a7%d8%ad%db%8c-%d9%88-%d9%81%d9%86%d8%a7%d9%88%d8%b1%db%8c-%db%8c%da%a9-%d9%85\/","url":"https:\/\/express24.ir\/d\/product\/%d8%b1%d8%a7%d9%87%d9%86%d9%85%d8%a7%db%8c-%d8%b3%d8%a7%d8%ae%d8%aa-%d9%88-%d8%b3%d8%a7%d8%b2-straw-bale-%d8%b7%d8%b1%d8%a7%d8%ad%db%8c-%d9%88-%d9%81%d9%86%d8%a7%d9%88%d8%b1%db%8c-%db%8c%da%a9-%d9%85\/","name":"\u0631\u0627\u0647\u0646\u0645\u0627\u06cc \u0633\u0627\u062e\u062a \u0648 \u0633\u0627\u0632 Straw Bale: \u0637\u0631\u0627\u062d\u06cc \u0648 \u0641\u0646\u0627\u0648\u0631\u06cc \u06cc\u06a9 \u0645\u0639\u0645\u0627\u0631\u06cc \u067e\u0627\u06cc\u062f\u0627\u0631 - \u0641\u0631\u0648\u0634\u06af\u0627\u0647 \u0627\u06a9\u0633\u067e\u0631\u0633","isPartOf":{"@id":"https:\/\/express24.ir\/d\/#website"},"datePublished":"2024-02-29T00:39:14+00:00","dateModified":"2024-02-29T00:39:15+00:00","breadcrumb":{"@id":"https:\/\/express24.ir\/d\/product\/%d8%b1%d8%a7%d9%87%d9%86%d9%85%d8%a7%db%8c-%d8%b3%d8%a7%d8%ae%d8%aa-%d9%88-%d8%b3%d8%a7%d8%b2-straw-bale-%d8%b7%d8%b1%d8%a7%d8%ad%db%8c-%d9%88-%d9%81%d9%86%d8%a7%d9%88%d8%b1%db%8c-%db%8c%da%a9-%d9%85\/#breadcrumb"},"inLanguage":"fa-IR","potentialAction":[{"@type":"ReadAction","target":["https:\/\/express24.ir\/d\/product\/%d8%b1%d8%a7%d9%87%d9%86%d9%85%d8%a7%db%8c-%d8%b3%d8%a7%d8%ae%d8%aa-%d9%88-%d8%b3%d8%a7%d8%b2-straw-bale-%d8%b7%d8%b1%d8%a7%d8%ad%db%8c-%d9%88-%d9%81%d9%86%d8%a7%d9%88%d8%b1%db%8c-%db%8c%da%a9-%d9%85\/"]}]},{"@type":"BreadcrumbList","@id":"https:\/\/express24.ir\/d\/product\/%d8%b1%d8%a7%d9%87%d9%86%d9%85%d8%a7%db%8c-%d8%b3%d8%a7%d8%ae%d8%aa-%d9%88-%d8%b3%d8%a7%d8%b2-straw-bale-%d8%b7%d8%b1%d8%a7%d8%ad%db%8c-%d9%88-%d9%81%d9%86%d8%a7%d9%88%d8%b1%db%8c-%db%8c%da%a9-%d9%85\/#breadcrumb","itemListElement":[{"@type":"ListItem","position":1,"name":"\u062e\u0627\u0646\u0647","item":"https:\/\/express24.ir\/d\/"},{"@type":"ListItem","position":2,"name":"\u0641\u0631\u0648\u0634\u06af\u0627\u0647","item":"https:\/\/express24.ir\/d\/"},{"@type":"ListItem","position":3,"name":"\u0631\u0627\u0647\u0646\u0645\u0627\u06cc \u0633\u0627\u062e\u062a \u0648 \u0633\u0627\u0632 Straw Bale: \u0637\u0631\u0627\u062d\u06cc \u0648 \u0641\u0646\u0627\u0648\u0631\u06cc \u06cc\u06a9 \u0645\u0639\u0645\u0627\u0631\u06cc \u067e\u0627\u06cc\u062f\u0627\u0631"}]},{"@type":"WebSite","@id":"https:\/\/express24.ir\/d\/#website","url":"https:\/\/express24.ir\/d\/","name":"\u0641\u0631\u0648\u0634\u06af\u0627\u0647 \u0627\u06a9\u0633\u067e\u0631\u0633","description":"","potentialAction":[{"@type":"SearchAction","target":{"@type":"EntryPoint","urlTemplate":"https:\/\/express24.ir\/d\/?s={search_term_string}"},"query-input":"required name=search_term_string"}],"inLanguage":"fa-IR"}]}},"_links":{"self":[{"href":"https:\/\/express24.ir\/d\/wp-json\/wp\/v2\/product\/27032","targetHints":{"allow":["GET"]}}],"collection":[{"href":"https:\/\/express24.ir\/d\/wp-json\/wp\/v2\/product"}],"about":[{"href":"https:\/\/express24.ir\/d\/wp-json\/wp\/v2\/types\/product"}],"replies":[{"embeddable":true,"href":"https:\/\/express24.ir\/d\/wp-json\/wp\/v2\/comments?post=27032"}],"wp:featuredmedia":[{"embeddable":true,"href":"https:\/\/express24.ir\/d\/wp-json\/wp\/v2\/media\/27033"}],"wp:attachment":[{"href":"https:\/\/express24.ir\/d\/wp-json\/wp\/v2\/media?parent=27032"}],"wp:term":[{"taxonomy":"product_cat","embeddable":true,"href":"https:\/\/express24.ir\/d\/wp-json\/wp\/v2\/product_cat?post=27032"},{"taxonomy":"product_tag","embeddable":true,"href":"https:\/\/express24.ir\/d\/wp-json\/wp\/v2\/product_tag?post=27032"}],"curies":[{"name":"wp","href":"https:\/\/api.w.org\/{rel}","templated":true}]}}